{"id":37,"date":"2022-07-29T22:52:05","date_gmt":"2022-07-29T20:52:05","guid":{"rendered":"https:\/\/ffkaisersberg.at\/?page_id=37"},"modified":"2022-07-29T23:07:36","modified_gmt":"2022-07-29T21:07:36","slug":"notrufnummern","status":"publish","type":"page","link":"https:\/\/ff-kaisersberg.at\/?page_id=37","title":{"rendered":"Notrufnummern"},"content":{"rendered":"\n<p><\/p>\n\n\n\n<figure class=\"wp-block-image size-full\"><img loading=\"lazy\" decoding=\"async\" width=\"619\" height=\"141\" src=\"https:\/\/ffkaisersberg.at\/wp-content\/uploads\/2022\/07\/Notruf.png\" alt=\"\" class=\"wp-image-47\" srcset=\"https:\/\/ff-kaisersberg.at\/wp-content\/uploads\/2022\/07\/Notruf.png 619w, https:\/\/ff-kaisersberg.at\/wp-content\/uploads\/2022\/07\/Notruf-300x68.png 300w\" sizes=\"auto, (max-width: 619px) 100vw, 619px\" \/><\/figure>\n\n\n\n<p class=\"has-text-align-center has-text-color\" style=\"color:#fe0000\"><strong><em>Was ist Passiert?<\/em><\/strong><\/p>\n\n\n\n<p>Beschreiben Sie das&nbsp;<strong>Ereignis so kurz wie m\u00f6glich aber so genau wie n\u00f6tig<\/strong>: z.B.: Feuer, bewusstlose Person,&nbsp;Verkehrsunfall mit eingeklemmten Personen, Gefahrgutunfall.<\/p>\n\n\n\n<p class=\"has-text-align-center has-text-color\" style=\"color:#ff0000\"><em><strong>Wo ist es Passiert?<\/strong><\/em><\/p>\n\n\n\n<p>Geben Sie den Ort, an dem die Hilfe ben\u00f6tigt wird, so genau wie m\u00f6glich an. (Stra\u00dfe, Hausnummer, Ortsteil, &#8230;). Je genauer die Ortsangabe ist, desto schneller finden die Rettungskr\u00e4fte den Einsatzort.<\/p>\n\n\n\n<p class=\"has-text-align-center has-text-color\" style=\"color:#ff0000\"><em><strong>Wieviel verletzte Persoen?<\/strong><\/em><\/p>\n\n\n\n<p>Beschreiben Sie genau wie viele Verletzte zu versorgen sind und welche Art der Verletzungen vorliegen. Sind Personen eingeklemmt?<\/p>\n\n\n\n<p class=\"has-text-align-center has-text-color\" style=\"color:#ff0000\"><em><strong>Wer meldet das Ereignis?<\/strong><\/em><\/p>\n\n\n\n<p>Nennen Sie bitte Ihren Namen und Ihre Telefonnummer f\u00fcr eventuelle R\u00fcckfragen. Bleiben Sie &#8211; wenn m\u00f6glich &#8211; in Reichweite des Telefons.<\/p>\n\n\n\n<p class=\"has-text-align-center has-text-color\" style=\"color:#ff0000\"><em><strong>Warten auf R\u00fcckfragen?<\/strong><\/em><\/p>\n\n\n\n<p>Beenden Sie Ihren Anruf erst, wenn der Diensthabende der Leitstelle keine weiteren Fragen hat. Ungenaue oder vergessene Angaben k\u00f6nnen zu erheblichen Zeitverz\u00f6gerungen der Erstversorgung f\u00fchren.<\/p>\n","protected":false},"excerpt":{"rendered":"<p>Was ist Passiert? Beschreiben Sie das&nbsp;Ereignis so kurz wie m\u00f6glich aber so genau wie n\u00f6tig: z.B.: Feuer, bewusstlose Person,&nbsp;Verkehrsunfall mit eingeklemmten Personen, Gefahrgutunfall. Wo ist es Passiert? Geben Sie den Ort, an dem die Hilfe ben\u00f6tigt wird, so genau wie m\u00f6glich an. (Stra\u00dfe, Hausnummer, Ortsteil, &#8230;). Je genauer die Ortsangabe ist, desto schneller finden die [&hellip;]<\/p>\n","protected":false},"author":1,"featured_media":0,"parent":35,"menu_order":1,"comment_status":"closed","ping_status":"closed","template":"","meta":{"ngg_post_thumbnail":0,"footnotes":""},"class_list":["post-37","page","type-page","status-publish","hentry"],"_links":{"self":[{"href":"https:\/\/ff-kaisersberg.at\/index.php?rest_route=\/wp\/v2\/pages\/37","targetHints":{"allow":["GET"]}}],"collection":[{"href":"https:\/\/ff-kaisersberg.at\/index.php?rest_route=\/wp\/v2\/pages"}],"about":[{"href":"https:\/\/ff-kaisersberg.at\/index.php?rest_route=\/wp\/v2\/types\/page"}],"author":[{"embeddable":true,"href":"https:\/\/ff-kaisersberg.at\/index.php?rest_route=\/wp\/v2\/users\/1"}],"replies":[{"embeddable":true,"href":"https:\/\/ff-kaisersberg.at\/index.php?rest_route=%2Fwp%2Fv2%2Fcomments&post=37"}],"version-history":[{"count":3,"href":"https:\/\/ff-kaisersberg.at\/index.php?rest_route=\/wp\/v2\/pages\/37\/revisions"}],"predecessor-version":[{"id":49,"href":"https:\/\/ff-kaisersberg.at\/index.php?rest_route=\/wp\/v2\/pages\/37\/revisions\/49"}],"up":[{"embeddable":true,"href":"https:\/\/ff-kaisersberg.at\/index.php?rest_route=\/wp\/v2\/pages\/35"}],"wp:attachment":[{"href":"https:\/\/ff-kaisersberg.at\/index.php?rest_route=%2Fwp%2Fv2%2Fmedia&parent=37"}],"curies":[{"name":"wp","href":"https:\/\/api.w.org\/{rel}","templated":true}]}}