{"id":39,"date":"2022-07-29T22:56:34","date_gmt":"2022-07-29T20:56:34","guid":{"rendered":"https:\/\/ffkaisersberg.at\/?page_id=39"},"modified":"2024-01-14T01:44:06","modified_gmt":"2024-01-14T00:44:06","slug":"sirenensignale","status":"publish","type":"page","link":"https:\/\/ff-kaisersberg.at\/?page_id=39","title":{"rendered":"Sirenensignale"},"content":{"rendered":"\n<h1 class=\"wp-block-heading has-text-align-center has-text-color\" style=\"color:#ff0000\">Sirenensignale<\/h1>\n\n\n\n<p>\u00d6sterreich verf\u00fcgt \u00fcber ein gut ausgebautes Warn- und Alarmsystem, das vom Bundesministerium f\u00fcr Inneres&nbsp;gemeinsam mit den \u00c4mtern der Landesregierung betrieben wird. Damit&nbsp;hat \u00d6sterreich als eines von&nbsp;wenigen&nbsp;L\u00e4ndern eine fl\u00e4chendeckende Sirenenwarnung.&nbsp;Die Ausl\u00f6sung der Signale kann je nach&nbsp;Gefahrensituation zentral von der Bundewarnzentrale&nbsp;im Einsatz- und Krisenkoordinationscenter (EKC) des&nbsp;Bundesministeriums f\u00fcr Inneres, von den&nbsp;&nbsp;Landeswarnzentralen der einzelnen Bundesl\u00e4nder oder den Bezirksalarmzentralen der Feuerwehr&nbsp;erfolgen. An jedem ersten Samstag im Oktober wird zwischen&nbsp;12.00 und 13.00 Uhr ein \u00f6sterreichweiter Zivilschutz- &nbsp;Probealarm durchgef\u00fchrt. Der Probealarm dient&nbsp;einerseits zur \u00dcberpr\u00fcfung der technischen&nbsp;&nbsp;Einrichtungen des &nbsp;Warn- und Alarmsystems, andererseits soll die Bev\u00f6lkerung dadurch mit den&nbsp;Zivilschutzsignalen vertraut &nbsp;gemacht werden.<\/p>\n\n\n\n<p class=\"has-text-align-center has-text-color\" style=\"color:#ff0000\"><strong>Herannahende Gefahr!<\/strong><\/p>\n\n\n\n<figure class=\"wp-block-image size-full\"><img loading=\"lazy\" decoding=\"async\" width=\"530\" height=\"111\" src=\"https:\/\/ffkaisersberg.at\/wp-content\/uploads\/2022\/07\/Warnung.png\" alt=\"\" class=\"wp-image-40\" srcset=\"https:\/\/ff-kaisersberg.at\/wp-content\/uploads\/2022\/07\/Warnung.png 530w, https:\/\/ff-kaisersberg.at\/wp-content\/uploads\/2022\/07\/Warnung-300x63.png 300w\" sizes=\"auto, (max-width: 530px) 100vw, 530px\" \/><\/figure>\n\n\n\n<p>Ein gleich bleibender Dauerton von 3 Minuten bedeutet \u201eWarnung\u201c. Es besteht zur Zeit noch keine akute&nbsp;Gef\u00e4hrdung.&nbsp;Sie m\u00fcssen sich aber auf eine herannahende Gefahr einstellen. Schalten Sie&nbsp; Ihr&nbsp; Radio- oder&nbsp;Fernsehger\u00e4t (ORF) ein, und informieren Sie sich \u00fcber die weiteren Verhaltensma\u00dfnahmen.<\/p>\n\n\n\n<p class=\"has-text-align-center has-text-color\" style=\"color:#ff0000\"><strong>Gefahr!<\/strong><\/p>\n\n\n\n<figure class=\"wp-block-image size-full\"><img loading=\"lazy\" decoding=\"async\" width=\"530\" height=\"109\" src=\"https:\/\/ffkaisersberg.at\/wp-content\/uploads\/2022\/07\/Gefahr.png\" alt=\"\" class=\"wp-image-41\" srcset=\"https:\/\/ff-kaisersberg.at\/wp-content\/uploads\/2022\/07\/Gefahr.png 530w, https:\/\/ff-kaisersberg.at\/wp-content\/uploads\/2022\/07\/Gefahr-300x62.png 300w\" sizes=\"auto, (max-width: 530px) 100vw, 530px\" \/><\/figure>\n\n\n\n<p>Ein auf- und abschwellender Heulton von 1 Minute bedeutet \u201eAlarm\u201c. Verlassen Sie die Stra\u00dfe und suchen Sie&nbsp;sch\u00fctzende R\u00e4umlichkeiten auf. Informieren Sie sich unbedingt \u00fcber Radio oder TV, welche Schutzma\u00dfnahmen&nbsp;Sie ergreifen sollen. Die weiteren Verhaltensma\u00dfnahmen werden Ihnen bekannt gegeben werden.<\/p>\n\n\n\n<p class=\"has-text-align-center has-text-color\" style=\"color:#ff0000\"><strong>Ende der Gefahr!<\/strong><\/p>\n\n\n\n<figure class=\"wp-block-image size-full\"><img loading=\"lazy\" decoding=\"async\" width=\"530\" height=\"101\" src=\"https:\/\/ffkaisersberg.at\/wp-content\/uploads\/2022\/07\/Entwarnung.png\" alt=\"\" class=\"wp-image-42\" srcset=\"https:\/\/ff-kaisersberg.at\/wp-content\/uploads\/2022\/07\/Entwarnung.png 530w, https:\/\/ff-kaisersberg.at\/wp-content\/uploads\/2022\/07\/Entwarnung-300x57.png 300w\" sizes=\"auto, (max-width: 530px) 100vw, 530px\" \/><\/figure>\n\n\n\n<p>Ein&nbsp;gleich bleibender Dauerton von 1 Minute bedeutet \u201eEntwarnung\u201c. Die Gefahr ist vorbei. Beachten Sie&nbsp;weiterhin die Durchsagen im Radio oder TV, da es vor\u00fcbergehend bestimmte Einschr\u00e4nkungen im t\u00e4glichen Lebensablauf geben kann. Da durch diese Signale nicht auf die Art der Gefahr und auf die richtigen Verhaltensma\u00dfnahmen hingewiesen werden kann, m\u00fcssen n\u00e4here Informationen \u00fcber Radio oder Fernsehen&nbsp;eingeholt werden.<\/p>\n\n\n\n<p class=\"has-text-align-center has-text-color\" style=\"color:#ff0000\"><strong>Das Signal f\u00fcr den Einsatz der Feuerwehr!<\/strong><\/p>\n\n\n\n<p>Ist von den Zivilschutzsignalen aufgrund seiner kurzen Tonfolge leicht zu unterscheiden. Mit einem dreimaligen&nbsp;Dauerton von 15 Sekunden werden die Feuerwehrkr\u00e4fte zu einem Einsatz zusammengezogen.&nbsp;Vom Sirenensignal f\u00fcr einen Feuerwehreinsatz&nbsp;wird&nbsp;allerdings nur bei gr\u00f6\u00dferen Br\u00e4nden und Menschenrettung Gebrauch gemacht.<\/p>\n\n\n\n<figure class=\"wp-block-gallery has-nested-images columns-default is-cropped wp-block-gallery-1 is-layout-flex wp-block-gallery-is-layout-flex\">\n<figure class=\"wp-block-image size-full\"><img loading=\"lazy\" decoding=\"async\" width=\"256\" height=\"102\" data-id=\"44\" src=\"https:\/\/ff-kaisersberg.at\/wp-content\/uploads\/2022\/07\/Feuerwehreinsatz.png\" alt=\"\" class=\"wp-image-44\"\/><\/figure>\n<\/figure>\n\n\n\n<figure class=\"wp-block-gallery has-nested-images columns-default is-cropped wp-block-gallery-2 is-layout-flex wp-block-gallery-is-layout-flex\">\n<figure class=\"wp-block-image size-full\"><img loading=\"lazy\" decoding=\"async\" width=\"251\" height=\"103\" data-id=\"43\" src=\"https:\/\/ff-kaisersberg.at\/wp-content\/uploads\/2022\/07\/Sirenenprobe.png\" alt=\"\" class=\"wp-image-43\"\/><\/figure>\n<\/figure>\n\n\n\n<p><\/p>\n","protected":false},"excerpt":{"rendered":"<p>Sirenensignale \u00d6sterreich verf\u00fcgt \u00fcber ein gut ausgebautes Warn- und Alarmsystem, das vom Bundesministerium f\u00fcr Inneres&nbsp;gemeinsam mit den \u00c4mtern der Landesregierung betrieben wird. Damit&nbsp;hat \u00d6sterreich als eines von&nbsp;wenigen&nbsp;L\u00e4ndern eine fl\u00e4chendeckende Sirenenwarnung.&nbsp;Die Ausl\u00f6sung der Signale kann je nach&nbsp;Gefahrensituation zentral von der Bundewarnzentrale&nbsp;im Einsatz- und Krisenkoordinationscenter (EKC) des&nbsp;Bundesministeriums f\u00fcr Inneres, von den&nbsp;&nbsp;Landeswarnzentralen der einzelnen Bundesl\u00e4nder oder den Bezirksalarmzentralen [&hellip;]<\/p>\n","protected":false},"author":1,"featured_media":0,"parent":35,"menu_order":2,"comment_status":"closed","ping_status":"closed","template":"","meta":{"ngg_post_thumbnail":0,"footnotes":""},"class_list":["post-39","page","type-page","status-publish","hentry"],"_links":{"self":[{"href":"https:\/\/ff-kaisersberg.at\/index.php?rest_route=\/wp\/v2\/pages\/39","targetHints":{"allow":["GET"]}}],"collection":[{"href":"https:\/\/ff-kaisersberg.at\/index.php?rest_route=\/wp\/v2\/pages"}],"about":[{"href":"https:\/\/ff-kaisersberg.at\/index.php?rest_route=\/wp\/v2\/types\/page"}],"author":[{"embeddable":true,"href":"https:\/\/ff-kaisersberg.at\/index.php?rest_route=\/wp\/v2\/users\/1"}],"replies":[{"embeddable":true,"href":"https:\/\/ff-kaisersberg.at\/index.php?rest_route=%2Fwp%2Fv2%2Fcomments&post=39"}],"version-history":[{"count":2,"href":"https:\/\/ff-kaisersberg.at\/index.php?rest_route=\/wp\/v2\/pages\/39\/revisions"}],"predecessor-version":[{"id":1518,"href":"https:\/\/ff-kaisersberg.at\/index.php?rest_route=\/wp\/v2\/pages\/39\/revisions\/1518"}],"up":[{"embeddable":true,"href":"https:\/\/ff-kaisersberg.at\/index.php?rest_route=\/wp\/v2\/pages\/35"}],"wp:attachment":[{"href":"https:\/\/ff-kaisersberg.at\/index.php?rest_route=%2Fwp%2Fv2%2Fmedia&parent=39"}],"curies":[{"name":"wp","href":"https:\/\/api.w.org\/{rel}","templated":true}]}}