{"id":55,"date":"2022-07-29T23:05:41","date_gmt":"2022-07-29T21:05:41","guid":{"rendered":"https:\/\/ffkaisersberg.at\/?page_id=55"},"modified":"2022-08-19T16:19:04","modified_gmt":"2022-08-19T14:19:04","slug":"fahrzeuge","status":"publish","type":"page","link":"https:\/\/ff-kaisersberg.at\/?page_id=55","title":{"rendered":"Fahrzeuge"},"content":{"rendered":"\n<div class=\"wp-block-columns is-layout-flex wp-container-core-columns-is-layout-9d6595d7 wp-block-columns-is-layout-flex\">\n<div class=\"wp-block-column is-layout-flow wp-block-column-is-layout-flow\">\n<h4 class=\"has-text-align-center has-text-color wp-block-heading\" style=\"color:#ff0000\"><strong>MTF-A <\/strong><\/h4>\n\n\n\n<p><strong>Mannschafts-Transport-Fahrzeug mit Allradantrieb<\/strong><\/p>\n\n\n\n<figure class=\"wp-block-image size-large\"><img loading=\"lazy\" decoding=\"async\" width=\"1024\" height=\"802\" src=\"https:\/\/ffkaisersberg.at\/wp-content\/uploads\/2022\/07\/55eeb99e-25a6-4476-baa4-faa05a0bd213-1024x802.jpg\" alt=\"\" class=\"wp-image-56\" srcset=\"https:\/\/ff-kaisersberg.at\/wp-content\/uploads\/2022\/07\/55eeb99e-25a6-4476-baa4-faa05a0bd213-1024x802.jpg 1024w, https:\/\/ff-kaisersberg.at\/wp-content\/uploads\/2022\/07\/55eeb99e-25a6-4476-baa4-faa05a0bd213-300x235.jpg 300w, https:\/\/ff-kaisersberg.at\/wp-content\/uploads\/2022\/07\/55eeb99e-25a6-4476-baa4-faa05a0bd213-768x602.jpg 768w, https:\/\/ff-kaisersberg.at\/wp-content\/uploads\/2022\/07\/55eeb99e-25a6-4476-baa4-faa05a0bd213-1536x1203.jpg 1536w, https:\/\/ff-kaisersberg.at\/wp-content\/uploads\/2022\/07\/55eeb99e-25a6-4476-baa4-faa05a0bd213-1200x940.jpg 1200w, https:\/\/ff-kaisersberg.at\/wp-content\/uploads\/2022\/07\/55eeb99e-25a6-4476-baa4-faa05a0bd213.jpg 1800w\" sizes=\"auto, (max-width: 1024px) 100vw, 1024px\" \/><\/figure>\n\n\n\n<p>Baujahr: 2021<br>Type: man \u2013 Transporter, Kastenwagen<br><br>Leistung: 130KW <br>Gewicht: 3500 KG<br>Besatzung: 9 Mann<br>Ausr\u00fcstung:<br>Funkger\u00e4te<br>Lampen<br>L\u00f6schdecke<br>Sanit\u00e4tsrucksack<\/p>\n<\/div>\n\n\n\n<div class=\"wp-block-column is-layout-flow wp-block-column-is-layout-flow\">\n<h4 class=\"has-text-align-center has-text-color wp-block-heading\" style=\"color:#ff0000\"><strong>LFB-A<\/strong><\/h4>\n\n\n\n<p><strong>L\u00f6schfahrzeug mit Bergeeinrichtung und Allradantrieb<\/strong><\/p>\n\n\n\n<figure class=\"wp-block-image size-full is-resized\"><img loading=\"lazy\" decoding=\"async\" src=\"https:\/\/ffkaisersberg.at\/wp-content\/uploads\/2022\/07\/pict0001400breit.jpg\" alt=\"\" class=\"wp-image-59\" width=\"296\" height=\"222\" srcset=\"https:\/\/ff-kaisersberg.at\/wp-content\/uploads\/2022\/07\/pict0001400breit.jpg 400w, https:\/\/ff-kaisersberg.at\/wp-content\/uploads\/2022\/07\/pict0001400breit-300x225.jpg 300w\" sizes=\"auto, (max-width: 296px) 100vw, 296px\" \/><\/figure>\n\n\n\n<p>Baujahr: 2004<br>Type: Mercedes Benz, Atego 1225 AF, 4&#215;4<br>Leistung: 180 KW\/250 PS<br>Gewicht: 11 Tonnen<br>Besatzung: 9 Mann<br>Ausr\u00fcstung:<br>1 Tragkraftspritze, TS 12, Bj.: 2003 Rosenbauer, BMW-FOX<br>Hydraulischer Kombi \u2013 Spreizer &nbsp;<br>Wechselstromgenerator 11 kVA<br>Hochdruckl\u00f6scheinrichtung, UHPS mit 500 l Wassertank und 20l Schaummittel<br>Lichtmast 5,7 m, 4 x 1000 W<br>Hebekissenset<br>3 Atemschutzger\u00e4te<br>Druckbel\u00fcftungsger\u00e4t, Tauchpumpe, Greifzug,<br>260 m B-Druckschl\u00e4uche, 13 St\u00fcck<br>150 m C-Druckschl\u00e4uche, 10 St\u00fcck<br>5 St\u00fcck A-Saugschl\u00e4uche<br>Motors\u00e4ge,<br>Schanzwerkzeug<br>2 teilige Schiebeleiter 8 m<br>3 Funkger\u00e4te<br>Lampen<\/p>\n\n\n\n<figure class=\"wp-block-image size-full\"><img loading=\"lazy\" decoding=\"async\" width=\"600\" height=\"450\" src=\"https:\/\/ffkaisersberg.at\/wp-content\/uploads\/2022\/07\/pict0006.600breit.jpg\" alt=\"\" class=\"wp-image-58\" srcset=\"https:\/\/ff-kaisersberg.at\/wp-content\/uploads\/2022\/07\/pict0006.600breit.jpg 600w, https:\/\/ff-kaisersberg.at\/wp-content\/uploads\/2022\/07\/pict0006.600breit-300x225.jpg 300w\" sizes=\"auto, (max-width: 600px) 100vw, 600px\" \/><\/figure>\n\n\n\n<figure class=\"wp-block-image size-full\"><img loading=\"lazy\" decoding=\"async\" width=\"600\" height=\"398\" src=\"https:\/\/ffkaisersberg.at\/wp-content\/uploads\/2022\/07\/pict0011600breit.jpg\" alt=\"\" class=\"wp-image-57\" srcset=\"https:\/\/ff-kaisersberg.at\/wp-content\/uploads\/2022\/07\/pict0011600breit.jpg 600w, https:\/\/ff-kaisersberg.at\/wp-content\/uploads\/2022\/07\/pict0011600breit-300x199.jpg 300w\" sizes=\"auto, (max-width: 600px) 100vw, 600px\" \/><\/figure>\n<\/div>\n<\/div>\n","protected":false},"excerpt":{"rendered":"<p>MTF-A Mannschafts-Transport-Fahrzeug mit Allradantrieb Baujahr: 2021Type: man \u2013 Transporter, Kastenwagen Leistung: 130KW Gewicht: 3500 KGBesatzung: 9 MannAusr\u00fcstung:Funkger\u00e4teLampenL\u00f6schdeckeSanit\u00e4tsrucksack LFB-A L\u00f6schfahrzeug mit Bergeeinrichtung und Allradantrieb Baujahr: 2004Type: Mercedes Benz, Atego 1225 AF, 4&#215;4Leistung: 180 KW\/250 PSGewicht: 11 TonnenBesatzung: 9 MannAusr\u00fcstung:1 Tragkraftspritze, TS 12, Bj.: 2003 Rosenbauer, BMW-FOXHydraulischer Kombi \u2013 Spreizer &nbsp;Wechselstromgenerator 11 kVAHochdruckl\u00f6scheinrichtung, UHPS mit 500 l [&hellip;]<\/p>\n","protected":false},"author":1,"featured_media":0,"parent":26,"menu_order":0,"comment_status":"closed","ping_status":"closed","template":"","meta":{"ngg_post_thumbnail":0,"footnotes":""},"class_list":["post-55","page","type-page","status-publish","hentry"],"_links":{"self":[{"href":"https:\/\/ff-kaisersberg.at\/index.php?rest_route=\/wp\/v2\/pages\/55","targetHints":{"allow":["GET"]}}],"collection":[{"href":"https:\/\/ff-kaisersberg.at\/index.php?rest_route=\/wp\/v2\/pages"}],"about":[{"href":"https:\/\/ff-kaisersberg.at\/index.php?rest_route=\/wp\/v2\/types\/page"}],"author":[{"embeddable":true,"href":"https:\/\/ff-kaisersberg.at\/index.php?rest_route=\/wp\/v2\/users\/1"}],"replies":[{"embeddable":true,"href":"https:\/\/ff-kaisersberg.at\/index.php?rest_route=%2Fwp%2Fv2%2Fcomments&post=55"}],"version-history":[{"count":6,"href":"https:\/\/ff-kaisersberg.at\/index.php?rest_route=\/wp\/v2\/pages\/55\/revisions"}],"predecessor-version":[{"id":1031,"href":"https:\/\/ff-kaisersberg.at\/index.php?rest_route=\/wp\/v2\/pages\/55\/revisions\/1031"}],"up":[{"embeddable":true,"href":"https:\/\/ff-kaisersberg.at\/index.php?rest_route=\/wp\/v2\/pages\/26"}],"wp:attachment":[{"href":"https:\/\/ff-kaisersberg.at\/index.php?rest_route=%2Fwp%2Fv2%2Fmedia&parent=55"}],"curies":[{"name":"wp","href":"https:\/\/api.w.org\/{rel}","templated":true}]}}